{"id":80,"date":"2023-04-28T13:07:02","date_gmt":"2023-04-28T16:07:02","guid":{"rendered":"https:\/\/autorodao.com.br\/?page_id=80"},"modified":"2024-11-02T19:00:16","modified_gmt":"2024-11-02T22:00:16","slug":"pecas","status":"publish","type":"page","link":"https:\/\/autorodao.com.br\/index.php\/pecas\/","title":{"rendered":"Pe\u00e7as"},"content":{"rendered":"\t\t<div data-elementor-type=\"wp-page\" data-elementor-id=\"80\" class=\"elementor elementor-80\">\n\t\t\t\t\t\t<section class=\"elementor-section elementor-top-section elementor-element elementor-element-4f44111 elementor-section-full_width elementor-section-height-default elementor-section-height-default\" data-id=\"4f44111\" data-element_type=\"section\" data-e-type=\"section\">\n\t\t\t\t\t\t<div class=\"elementor-container elementor-column-gap-default\">\n\t\t\t\t\t<div class=\"elementor-column elementor-col-100 elementor-top-column elementor-element elementor-element-19cf811\" data-id=\"19cf811\" data-element_type=\"column\" data-e-type=\"column\" data-settings=\"{&quot;background_background&quot;:&quot;classic&quot;}\">\n\t\t\t<div class=\"elementor-widget-wrap elementor-element-populated\">\n\t\t\t\t\t\t<div class=\"elementor-element elementor-element-2f7a997 elementor-arrows-position-inside elementor-pagination-position-outside elementor-widget elementor-widget-image-carousel\" data-id=\"2f7a997\" data-element_type=\"widget\" data-e-type=\"widget\" data-settings=\"{&quot;slides_to_show&quot;:&quot;1&quot;,&quot;navigation&quot;:&quot;both&quot;,&quot;autoplay&quot;:&quot;yes&quot;,&quot;pause_on_hover&quot;:&quot;yes&quot;,&quot;pause_on_interaction&quot;:&quot;yes&quot;,&quot;autoplay_speed&quot;:5000,&quot;infinite&quot;:&quot;yes&quot;,&quot;effect&quot;:&quot;slide&quot;,&quot;speed&quot;:500}\" data-widget_type=\"image-carousel.default\">\n\t\t\t\t<div class=\"elementor-widget-container\">\n\t\t\t\t\t\t\t<div class=\"elementor-image-carousel-wrapper swiper\" role=\"region\" aria-roledescription=\"carousel\" aria-label=\"Carrossel de imagens\" dir=\"ltr\">\n\t\t\t<div class=\"elementor-image-carousel swiper-wrapper swiper-image-stretch\" aria-live=\"off\">\n\t\t\t\t\t\t\t\t<div class=\"swiper-slide\" role=\"group\" aria-roledescription=\"slide\" aria-label=\"1 de 1\"><figure class=\"swiper-slide-inner\"><img decoding=\"async\" class=\"swiper-slide-image\" src=\"https:\/\/autorodao.com.br\/wp-content\/uploads\/2023\/05\/IMG_5980-2-2048x1094.png\" alt=\"IMG_5980\" \/><\/figure><\/div>\t\t\t<\/div>\n\t\t\t\t\t<\/div>\n\t\t\t\t\t\t<\/div>\n\t\t\t\t<\/div>\n\t\t\t\t\t<\/div>\n\t\t<\/div>\n\t\t\t\t\t<\/div>\n\t\t<\/section>\n\t\t\t\t<section class=\"elementor-section elementor-top-section elementor-element elementor-element-6e6dd4b elementor-section-boxed elementor-section-height-default elementor-section-height-default\" data-id=\"6e6dd4b\" data-element_type=\"section\" data-e-type=\"section\">\n\t\t\t\t\t\t<div class=\"elementor-container elementor-column-gap-default\">\n\t\t\t\t\t<div class=\"elementor-column elementor-col-100 elementor-top-column elementor-element elementor-element-0b45149\" data-id=\"0b45149\" data-element_type=\"column\" data-e-type=\"column\">\n\t\t\t<div class=\"elementor-widget-wrap\">\n\t\t\t\t\t\t\t<\/div>\n\t\t<\/div>\n\t\t\t\t\t<\/div>\n\t\t<\/section>\n\t\t\t\t<section class=\"elementor-section elementor-top-section elementor-element elementor-element-3973e41 elementor-section-boxed elementor-section-height-default elementor-section-height-default\" data-id=\"3973e41\" data-element_type=\"section\" data-e-type=\"section\">\n\t\t\t\t\t\t<div class=\"elementor-container elementor-column-gap-default\">\n\t\t\t\t\t<div class=\"elementor-column elementor-col-100 elementor-top-column elementor-element elementor-element-1ed57e9\" data-id=\"1ed57e9\" data-element_type=\"column\" data-e-type=\"column\">\n\t\t\t<div class=\"elementor-widget-wrap elementor-element-populated\">\n\t\t\t\t\t\t<div class=\"elementor-element elementor-element-bfe6ba2 elementor-widget elementor-widget-jet-woo-widgets-products\" data-id=\"bfe6ba2\" data-element_type=\"widget\" data-e-type=\"widget\" data-widget_type=\"jet-woo-widgets-products.default\">\n\t\t\t\t<div class=\"elementor-widget-container\">\n\t\t\t\t\t<div class=\"elementor-jet-woo-widgets-products jet-woo-widgets\">\n<div class=\"jet-woo-products jet-woo-products--preset-1 col-row \">\n<div class=\"jet-woo-products__item \">\n\t<div class=\"jet-woo-products__inner-box\">\n<div class=\"jet-woo-product-thumbnail\">\n\t<a href=\"https:\/\/autorodao.com.br\/index.php\/product\/para-lama-dianteiro-vw-t-cross-2018-2022-ld-original\/\" rel=\"bookmark\"><img fetchpriority=\"high\" decoding=\"async\" width=\"1024\" height=\"1024\" src=\"https:\/\/autorodao.com.br\/wp-content\/uploads\/2025\/10\/IMG_6749-1024x1024.jpeg\" class=\"attachment-large size-large\" alt=\"\" \/><\/a>\n\t<div class=\"jet-woo-product-img-overlay\"><\/div><\/div>\n\n<div class=\"jet-woo-product-title\"><a href=\"https:\/\/autorodao.com.br\/index.php\/product\/para-lama-dianteiro-vw-t-cross-2018-2022-ld-original\/\" rel=\"bookmark\">P\u00e1ra-lama dianteiro VW T-Cross 2018\/2022 LD original<\/a><\/div>\n\n<div class=\"jet-woo-product-price\"><span class=\"woocommerce-Price-amount amount\"><span class=\"woocommerce-Price-currencySymbol\">&#082;&#036;<\/span>&nbsp;1.300,00<\/span><\/div>\n\n<div class=\"jet-woo-product-button\"><a href=\"\/index.php\/wp-json\/wp\/v2\/pages\/80?add-to-cart=1160\"  data-quantity=\"1\" class=\"button product_type_simple add_to_cart_button ajax_add_to_cart\" data-product_id=\"1160\" data-product_sku=\"8756\" aria-label=\"Adicione ao carrinho: &ldquo;P\u00e1ra-lama dianteiro VW T-Cross 2018\/2022 LD original&rdquo;\" rel=\"nofollow\">Adicionar ao carrinho<\/a><\/div>\n<\/div>\n<\/div>\n<div class=\"jet-woo-products__item \">\n\t<div class=\"jet-woo-products__inner-box\">\n<div class=\"jet-woo-product-thumbnail\">\n\t<a href=\"https:\/\/autorodao.com.br\/index.php\/product\/pastilha-de-freio-dianteira-landrover-range-rover-lr174900-codigo-10010\/\" rel=\"bookmark\"><img decoding=\"async\" width=\"1024\" height=\"1024\" src=\"https:\/\/autorodao.com.br\/wp-content\/uploads\/2025\/05\/IMG_5713-1024x1024.png\" class=\"attachment-large size-large\" alt=\"\" \/><\/a>\n\t<div class=\"jet-woo-product-img-overlay\"><\/div><\/div>\n\n<div class=\"jet-woo-product-title\"><a href=\"https:\/\/autorodao.com.br\/index.php\/product\/pastilha-de-freio-dianteira-landrover-range-rover-lr174900-codigo-10010\/\" rel=\"bookmark\">Pastilha de Freio dianteira LandRover Range Rover Lr174900 c\u00f3digo 10010<\/a><\/div>\n\n<div class=\"jet-woo-product-price\"><span class=\"woocommerce-Price-amount amount\"><span class=\"woocommerce-Price-currencySymbol\">&#082;&#036;<\/span>&nbsp;1.120,00<\/span><\/div>\n\n<div class=\"jet-woo-product-button\"><a href=\"\/index.php\/wp-json\/wp\/v2\/pages\/80?add-to-cart=1088\"  data-quantity=\"1\" class=\"button product_type_simple add_to_cart_button ajax_add_to_cart\" data-product_id=\"1088\" data-product_sku=\"10010\" aria-label=\"Adicione ao carrinho: &ldquo;Pastilha de Freio dianteira LandRover Range Rover Lr174900 c\u00f3digo 10010&rdquo;\" rel=\"nofollow\">Adicionar ao carrinho<\/a><\/div>\n<\/div>\n<\/div>\n<div class=\"jet-woo-products__item \">\n\t<div class=\"jet-woo-products__inner-box\">\n<div class=\"jet-woo-product-thumbnail\">\n\t<a href=\"https:\/\/autorodao.com.br\/index.php\/product\/alternador-land-rover-discovery-sport-turbo-2-0-2017-jaguar-pace-evoque-2-0\/\" rel=\"bookmark\"><img decoding=\"async\" width=\"1024\" height=\"1024\" src=\"https:\/\/autorodao.com.br\/wp-content\/uploads\/2025\/05\/IMG_5721-1024x1024.png\" class=\"attachment-large size-large\" alt=\"\" \/><\/a>\n\t<div class=\"jet-woo-product-img-overlay\"><\/div><\/div>\n\n<div class=\"jet-woo-product-title\"><a href=\"https:\/\/autorodao.com.br\/index.php\/product\/alternador-land-rover-discovery-sport-turbo-2-0-2017-jaguar-pace-evoque-2-0\/\" rel=\"bookmark\">Alternador Land Rover\/discovery Sport TURBO 2.0 2017 JAGUAR PACE EVOQUE...<\/a><\/div>\n\n<div class=\"jet-woo-product-price\"><span class=\"woocommerce-Price-amount amount\"><span class=\"woocommerce-Price-currencySymbol\">&#082;&#036;<\/span>&nbsp;2.650,00<\/span><\/div>\n\n<div class=\"jet-woo-product-button\"><a href=\"\/index.php\/wp-json\/wp\/v2\/pages\/80?add-to-cart=1081\"  data-quantity=\"1\" class=\"button product_type_simple add_to_cart_button ajax_add_to_cart\" data-product_id=\"1081\" data-product_sku=\"40093-1\" aria-label=\"Adicione ao carrinho: &ldquo;Alternador Land Rover\/discovery Sport TURBO 2.0 2017 JAGUAR PACE EVOQUE 2.0&rdquo;\" rel=\"nofollow\">Adicionar ao carrinho<\/a><\/div>\n<\/div>\n<\/div>\n<div class=\"jet-woo-products__item \">\n\t<div class=\"jet-woo-products__inner-box\">\n<div class=\"jet-woo-product-thumbnail\">\n\t<a href=\"https:\/\/autorodao.com.br\/index.php\/product\/modulo-conversor-voltagem-ecu-range-rover-velar-evoque-2019-discovery-sport\/\" rel=\"bookmark\"><img loading=\"lazy\" decoding=\"async\" width=\"1024\" height=\"1024\" src=\"https:\/\/autorodao.com.br\/wp-content\/uploads\/2024\/11\/IMG_4583-1024x1024.png\" class=\"attachment-large size-large\" alt=\"\" \/><\/a>\n\t<div class=\"jet-woo-product-img-overlay\"><\/div><\/div>\n\n<div class=\"jet-woo-product-title\"><a href=\"https:\/\/autorodao.com.br\/index.php\/product\/modulo-conversor-voltagem-ecu-range-rover-velar-evoque-2019-discovery-sport\/\" rel=\"bookmark\">M\u00f3dulo conversor voltagem ECU Range Rover Velar \/ Evoque 2019...<\/a><\/div>\n\n<div class=\"jet-woo-product-price\"><span class=\"woocommerce-Price-amount amount\"><span class=\"woocommerce-Price-currencySymbol\">&#082;&#036;<\/span>&nbsp;4.000,00<\/span><\/div>\n\n<div class=\"jet-woo-product-button\"><a href=\"\/index.php\/wp-json\/wp\/v2\/pages\/80?add-to-cart=962\"  data-quantity=\"1\" class=\"button product_type_simple add_to_cart_button ajax_add_to_cart\" data-product_id=\"962\" data-product_sku=\"\" aria-label=\"Adicione ao carrinho: &ldquo;M\u00f3dulo conversor voltagem ECU Range Rover Velar \/ Evoque 2019 \/ Discovery\/ Sport&rdquo;\" rel=\"nofollow\">Adicionar ao carrinho<\/a><\/div>\n<\/div>\n<\/div>\n<div class=\"jet-woo-products__item \">\n\t<div class=\"jet-woo-products__inner-box\">\n<div class=\"jet-woo-product-thumbnail\">\n\t<a href=\"https:\/\/autorodao.com.br\/index.php\/product\/bolsa-airbag-volante-mercedes-c250-c300-c350-2007-2014-original\/\" rel=\"bookmark\"><img loading=\"lazy\" decoding=\"async\" width=\"1024\" height=\"1024\" src=\"https:\/\/autorodao.com.br\/wp-content\/uploads\/2024\/08\/IMG_3843-1024x1024.png\" class=\"attachment-large size-large\" alt=\"\" \/><\/a>\n\t<div class=\"jet-woo-product-img-overlay\"><\/div><\/div>\n\n<div class=\"jet-woo-product-title\"><a href=\"https:\/\/autorodao.com.br\/index.php\/product\/bolsa-airbag-volante-mercedes-c250-c300-c350-2007-2014-original\/\" rel=\"bookmark\">Bolsa Airbag Volante Mercedes C250 C300 C350 2007\/2014 Original<\/a><\/div>\n\n<div class=\"jet-woo-product-price\"><span class=\"woocommerce-Price-amount amount\"><span class=\"woocommerce-Price-currencySymbol\">&#082;&#036;<\/span>&nbsp;1.040,00<\/span><\/div>\n\n<div class=\"jet-woo-product-button\"><a href=\"https:\/\/autorodao.com.br\/index.php\/product\/bolsa-airbag-volante-mercedes-c250-c300-c350-2007-2014-original\/\"  data-quantity=\"1\" class=\"button product_type_simple ajax_add_to_cart\" data-product_id=\"916\" data-product_sku=\"8692\" aria-label=\"Leia mais sobre &ldquo;Bolsa Airbag Volante Mercedes C250 C300 C350 2007\/2014 Original&rdquo;\" rel=\"nofollow\">Leia mais<\/a><\/div>\n<\/div>\n<\/div>\n<div class=\"jet-woo-products__item \">\n\t<div class=\"jet-woo-products__inner-box\">\n<div class=\"jet-woo-product-thumbnail\">\n\t<a href=\"https:\/\/autorodao.com.br\/index.php\/product\/bolsa-airbag-volante-mercedes-c200-c180-2010-2014-original-codigo-8694\/\" rel=\"bookmark\"><img loading=\"lazy\" decoding=\"async\" width=\"1024\" height=\"1024\" src=\"https:\/\/autorodao.com.br\/wp-content\/uploads\/2024\/08\/IMG_3844-1024x1024.png\" class=\"attachment-large size-large\" alt=\"\" \/><\/a>\n\t<div class=\"jet-woo-product-img-overlay\"><\/div><\/div>\n\n<div class=\"jet-woo-product-title\"><a href=\"https:\/\/autorodao.com.br\/index.php\/product\/bolsa-airbag-volante-mercedes-c200-c180-2010-2014-original-codigo-8694\/\" rel=\"bookmark\">Bolsa Airbag Volante Mercedes C200 C180 2010\/2014 Original c\u00f3digo: 8694<\/a><\/div>\n\n<div class=\"jet-woo-product-price\"><span class=\"woocommerce-Price-amount amount\"><span class=\"woocommerce-Price-currencySymbol\">&#082;&#036;<\/span>&nbsp;1.040,00<\/span><\/div>\n\n<div class=\"jet-woo-product-button\"><a href=\"\/index.php\/wp-json\/wp\/v2\/pages\/80?add-to-cart=913\"  data-quantity=\"1\" class=\"button product_type_simple add_to_cart_button ajax_add_to_cart\" data-product_id=\"913\" data-product_sku=\"8694\" aria-label=\"Adicione ao carrinho: &ldquo;Bolsa Airbag Volante Mercedes C200 C180 2010\/2014 Original c\u00f3digo: 8694&rdquo;\" rel=\"nofollow\">Adicionar ao carrinho<\/a><\/div>\n<\/div>\n<\/div>\n<div class=\"jet-woo-products__item \">\n\t<div class=\"jet-woo-products__inner-box\">\n<div class=\"jet-woo-product-thumbnail\">\n\t<a href=\"https:\/\/autorodao.com.br\/index.php\/product\/pedal-freio-hyundai-creta-2020-2023-referencia-32800d8200i\/\" rel=\"bookmark\"><img loading=\"lazy\" decoding=\"async\" width=\"1024\" height=\"1024\" src=\"https:\/\/autorodao.com.br\/wp-content\/uploads\/2024\/08\/IMG_3630-1024x1024.png\" class=\"attachment-large size-large\" alt=\"\" \/><\/a>\n\t<div class=\"jet-woo-product-img-overlay\"><\/div><\/div>\n\n<div class=\"jet-woo-product-title\"><a href=\"https:\/\/autorodao.com.br\/index.php\/product\/pedal-freio-hyundai-creta-2020-2023-referencia-32800d8200i\/\" rel=\"bookmark\">Pedal Freio Hyundai Creta 2020\/2023 refer\u00eancia 32800d8200i c\u00f3digo 66914<\/a><\/div>\n\n<div class=\"jet-woo-product-price\"><span class=\"woocommerce-Price-amount amount\"><span class=\"woocommerce-Price-currencySymbol\">&#082;&#036;<\/span>&nbsp;340,00<\/span><\/div>\n\n<div class=\"jet-woo-product-button\"><a href=\"\/index.php\/wp-json\/wp\/v2\/pages\/80?add-to-cart=875\"  data-quantity=\"1\" class=\"button product_type_simple add_to_cart_button ajax_add_to_cart\" data-product_id=\"875\" data-product_sku=\"66914\" aria-label=\"Adicione ao carrinho: &ldquo;Pedal Freio Hyundai Creta 2020\/2023 refer\u00eancia 32800d8200i c\u00f3digo 66914&rdquo;\" rel=\"nofollow\">Adicionar ao carrinho<\/a><\/div>\n<\/div>\n<\/div>\n<div class=\"jet-woo-products__item \">\n\t<div class=\"jet-woo-products__inner-box\">\n<div class=\"jet-woo-product-thumbnail\">\n\t<a href=\"https:\/\/autorodao.com.br\/index.php\/product\/para-choque-traseiro-superior-vw-toureg-2011-2014-codigo-7943\/\" rel=\"bookmark\"><img loading=\"lazy\" decoding=\"async\" width=\"1024\" height=\"1024\" src=\"https:\/\/autorodao.com.br\/wp-content\/uploads\/2024\/06\/IMG_2694-1024x1024.png\" class=\"attachment-large size-large\" alt=\"\" \/><\/a>\n\t<div class=\"jet-woo-product-img-overlay\"><\/div><\/div>\n\n<div class=\"jet-woo-product-title\"><a href=\"https:\/\/autorodao.com.br\/index.php\/product\/para-choque-traseiro-superior-vw-toureg-2011-2014-codigo-7943\/\" rel=\"bookmark\">P\u00e1ra-choque traseiro superior VW Toureg 2011\/2014 c\u00f3digo: 7943<\/a><\/div>\n\n<div class=\"jet-woo-product-price\"><span class=\"woocommerce-Price-amount amount\"><span class=\"woocommerce-Price-currencySymbol\">&#082;&#036;<\/span>&nbsp;1.100,00<\/span><\/div>\n\n<div class=\"jet-woo-product-button\"><a href=\"\/index.php\/wp-json\/wp\/v2\/pages\/80?add-to-cart=671\"  data-quantity=\"1\" class=\"button product_type_simple add_to_cart_button ajax_add_to_cart\" data-product_id=\"671\" data-product_sku=\"\" aria-label=\"Adicione ao carrinho: &ldquo;P\u00e1ra-choque traseiro superior VW Toureg 2011\/2014 c\u00f3digo: 7943&rdquo;\" rel=\"nofollow\">Adicionar ao carrinho<\/a><\/div>\n<\/div>\n<\/div>\n<div class=\"jet-woo-products__item \">\n\t<div class=\"jet-woo-products__inner-box\">\n<div class=\"jet-woo-product-thumbnail\">\n\t<a href=\"https:\/\/autorodao.com.br\/index.php\/product\/flauta-combustivel-t-cross-virtus-golf-polo-gol-g6-g7-g8-1-6-16v-04e133319be\/\" rel=\"bookmark\"><img loading=\"lazy\" decoding=\"async\" width=\"1024\" height=\"1024\" src=\"https:\/\/autorodao.com.br\/wp-content\/uploads\/2024\/06\/IMG_2555-1024x1024.png\" class=\"attachment-large size-large\" alt=\"\" \/><\/a>\n\t<div class=\"jet-woo-product-img-overlay\"><\/div><\/div>\n\n<div class=\"jet-woo-product-title\"><a href=\"https:\/\/autorodao.com.br\/index.php\/product\/flauta-combustivel-t-cross-virtus-golf-polo-gol-g6-g7-g8-1-6-16v-04e133319be\/\" rel=\"bookmark\">Flauta combust\u00edvel T-cross\/ Virtus\/Golf\/ Polo Gol G6 G7 G8 1.6...<\/a><\/div>\n\n<div class=\"jet-woo-product-price\"><span class=\"woocommerce-Price-amount amount\"><span class=\"woocommerce-Price-currencySymbol\">&#082;&#036;<\/span>&nbsp;1.500,00<\/span><\/div>\n\n<div class=\"jet-woo-product-button\"><a href=\"\/index.php\/wp-json\/wp\/v2\/pages\/80?add-to-cart=666\"  data-quantity=\"1\" class=\"button product_type_simple add_to_cart_button ajax_add_to_cart\" data-product_id=\"666\" data-product_sku=\"\" aria-label=\"Adicione ao carrinho: &ldquo;Flauta combust\u00edvel T-cross\/ Virtus\/Golf\/ Polo Gol G6 G7 G8 1.6 16V 04E133319BE&rdquo;\" rel=\"nofollow\">Adicionar ao carrinho<\/a><\/div>\n<\/div>\n<\/div>\n<div class=\"jet-woo-products__item \">\n\t<div class=\"jet-woo-products__inner-box\">\n<div class=\"jet-woo-product-thumbnail\">\n\t<a href=\"https:\/\/autorodao.com.br\/index.php\/product\/flauta-de-injecao-ford-ranger-2013-2022-limited-3-2\/\" rel=\"bookmark\"><img loading=\"lazy\" decoding=\"async\" width=\"960\" height=\"956\" src=\"https:\/\/autorodao.com.br\/wp-content\/uploads\/2023\/08\/IMG_6838.jpeg\" class=\"attachment-large size-large\" alt=\"\" \/><\/a>\n\t<div class=\"jet-woo-product-img-overlay\"><\/div><\/div>\n\n<div class=\"jet-woo-product-title\"><a href=\"https:\/\/autorodao.com.br\/index.php\/product\/flauta-de-injecao-ford-ranger-2013-2022-limited-3-2\/\" rel=\"bookmark\">Flauta de inje\u00e7\u00e3o Ford Ranger 2013\/2022 Limited 3.2<\/a><\/div>\n\n<div class=\"jet-woo-product-price\"><span class=\"woocommerce-Price-amount amount\"><span class=\"woocommerce-Price-currencySymbol\">&#082;&#036;<\/span>&nbsp;1.050,00<\/span><\/div>\n\n<div class=\"jet-woo-product-button\"><a href=\"\/index.php\/wp-json\/wp\/v2\/pages\/80?add-to-cart=558\"  data-quantity=\"1\" class=\"button product_type_simple add_to_cart_button ajax_add_to_cart\" data-product_id=\"558\" data-product_sku=\"\" aria-label=\"Adicione ao carrinho: &ldquo;Flauta de inje\u00e7\u00e3o Ford Ranger 2013\/2022 Limited 3.2&rdquo;\" rel=\"nofollow\">Adicionar ao carrinho<\/a><\/div>\n<\/div>\n<\/div>\n<\/div>\n<\/div>\t\t\t\t<\/div>\n\t\t\t\t<\/div>\n\t\t\t\t\t<\/div>\n\t\t<\/div>\n\t\t\t\t\t<\/div>\n\t\t<\/section>\n\t\t\t\t<\/div>\n\t\t","protected":false},"excerpt":{"rendered":"<p>Bolsa Airbag Volante Mercedes C250 C300 C350 2007\/2014 Original &#082;&#036;&nbsp;1.040,00 Comprar Bolsa Airbag Volante Mercedes C200 C180 2010\/2014 Original c\u00f3digo: 8694 &#082;&#036;&nbsp;1.040,00 Comprar Pedal Freio Hyundai Creta 2020\/2023 refer\u00eancia 32800d8200i c\u00f3digo 66914 &#082;&#036;&nbsp;340,00 Comprar P\u00e1ra-choque traseiro superior VW Toureg 2011\/2014 c\u00f3digo: 7943 &#082;&#036;&nbsp;1.100,00 Comprar Flauta combust\u00edvel T-cross\/ Virtus\/Golf\/ Polo Gol G6 G7 G8 1.6&#8230; &#082;&#036;&nbsp;1.500,00 [&hellip;]<\/p>\n","protected":false},"author":1,"featured_media":0,"parent":0,"menu_order":0,"comment_status":"closed","ping_status":"closed","template":"","meta":{"site-sidebar-layout":"no-sidebar","site-content-layout":"page-builder","ast-site-content-layout":"default","site-content-style":"default","site-sidebar-style":"default","ast-global-header-display":"","ast-banner-title-visibility":"","ast-main-header-display":"","ast-hfb-above-header-display":"","ast-hfb-below-header-display":"","ast-hfb-mobile-header-display":"","site-post-title":"disabled","ast-breadcrumbs-content":"","ast-featured-img":"disabled","footer-sml-layout":"","ast-disable-related-posts":"","theme-transparent-header-meta":"","adv-header-id-meta":"","stick-header-meta":"","header-above-stick-meta":"","header-main-stick-meta":"","header-below-stick-meta":"","astra-migrate-meta-layouts":"default","ast-page-background-enabled":"default","ast-page-background-meta":{"desktop":{"background-color":"var(--ast-global-color-4)","background-image":"","background-repeat":"repeat","background-position":"center center","background-size":"auto","background-attachment":"scroll","background-type":"","background-media":"","overlay-type":"","overlay-color":"","overlay-opacity":"","overlay-gradient":""},"tablet":{"background-color":"","background-image":"","background-repeat":"repeat","background-position":"center center","background-size":"auto","background-attachment":"scroll","background-type":"","background-media":"","overlay-type":"","overlay-color":"","overlay-opacity":"","overlay-gradient":""},"mobile":{"background-color":"","background-image":"","background-repeat":"repeat","background-position":"center center","background-size":"auto","background-attachment":"scroll","background-type":"","background-media":"","overlay-type":"","overlay-color":"","overlay-opacity":"","overlay-gradient":""}},"ast-content-background-meta":{"desktop":{"background-color":"var(--ast-global-color-5)","background-image":"","background-repeat":"repeat","background-position":"center center","background-size":"auto","background-attachment":"scroll","background-type":"","background-media":"","overlay-type":"","overlay-color":"","overlay-opacity":"","overlay-gradient":""},"tablet":{"background-color":"var(--ast-global-color-5)","background-image":"","background-repeat":"repeat","background-position":"center center","background-size":"auto","background-attachment":"scroll","background-type":"","background-media":"","overlay-type":"","overlay-color":"","overlay-opacity":"","overlay-gradient":""},"mobile":{"background-color":"var(--ast-global-color-5)","background-image":"","background-repeat":"repeat","background-position":"center center","background-size":"auto","background-attachment":"scroll","background-type":"","background-media":"","overlay-type":"","overlay-color":"","overlay-opacity":"","overlay-gradient":""}},"_joinchat":[],"footnotes":""},"class_list":["post-80","page","type-page","status-publish","hentry","desktop-align-left","tablet-align-left","mobile-align-left"],"jetpack_sharing_enabled":true,"_links":{"self":[{"href":"https:\/\/autorodao.com.br\/index.php\/wp-json\/wp\/v2\/pages\/80","targetHints":{"allow":["GET"]}}],"collection":[{"href":"https:\/\/autorodao.com.br\/index.php\/wp-json\/wp\/v2\/pages"}],"about":[{"href":"https:\/\/autorodao.com.br\/index.php\/wp-json\/wp\/v2\/types\/page"}],"author":[{"embeddable":true,"href":"https:\/\/autorodao.com.br\/index.php\/wp-json\/wp\/v2\/users\/1"}],"replies":[{"embeddable":true,"href":"https:\/\/autorodao.com.br\/index.php\/wp-json\/wp\/v2\/comments?post=80"}],"version-history":[{"count":16,"href":"https:\/\/autorodao.com.br\/index.php\/wp-json\/wp\/v2\/pages\/80\/revisions"}],"predecessor-version":[{"id":939,"href":"https:\/\/autorodao.com.br\/index.php\/wp-json\/wp\/v2\/pages\/80\/revisions\/939"}],"wp:attachment":[{"href":"https:\/\/autorodao.com.br\/index.php\/wp-json\/wp\/v2\/media?parent=80"}],"curies":[{"name":"wp","href":"https:\/\/api.w.org\/{rel}","templated":true}]}}